15) to base 5
-10
Convert -3 (base 10) to base 16.
-3
What is -3 (base 15) in base 12?
-3
What is 0 (base 3) in base 6?
0
Convert -21 (base 6) to base 14.
-d
-243 (base 6) to base 9
-120
Convert 11 (base 9) to base 7.
13
-2 (base 3) to base 10
-2
What is 31 (base 14) in base 5?
133
-3 (base 11) to base 13
-3
Convert -1110111 (base 2) to base 16.
-77
What is -3 (base 14) in base 6?
-3
Convert 21 (base 11) to base 6.
35
2a (base 11) to base 2
100000
What is 2 (base 15) in base 7?
2
Convert 10 (base 4) to base 2.
100
-150 (base 11) to base 13
-107
What is 12 (base 5) in base 2?
111
Convert 221 (base 6) to base 4.
1111
Convert -4c (base 15) to base 6.
-200
Convert 11 (base 8) to base 5.
14
127 (base 10) to base 13
9a
Convert 0 (base 10) to base 11.
0
Convert -100110101 (base 2) to base 9.
-373
-1 (base 5) to base 2
-1
30 (base 9) to base 10
27
Convert 2012 (base 3) to base 11.
54
Convert 190 (base 11) to base 6.
1004
Convert -11020 (base 3) to base 9.
-136
-3 (base 8) to base 16
-3
Convert 1 (base 9) to base 7.
1
10 (base 13) to base 14
d
Convert 19 (base 11) to base 9.
22
-120 (base 7) to base 4
-333
5 (base 6) to base 16
5
0 (base 15) to base 3
0
Convert -35 (base 10) to base 11.
-32
Convert 111 (base 3) to base 14.
d
What is 9a (base 15) in base 4?
2101
What is 16 (base 7) in base 8?
15
-1 (base 2) to base 11
-1
Convert 113 (base 7) to base 9.
65
Convert -142 (base 5) to base 14.
-35
-112 (base 3) to base 13
-11
-234 (base 7) to base 12
-a3
What is 1 (base 3) in base 9?
1
-2 (base 5) to base 9
-2
What is 130 (base 5) in base 11?
37
What is -3 (base 10) in base 12?
-3
Convert 0 (base 13) to base 6.
0
What is 13 (base 6) in base 7?
12
What is -42 (base 7) in base 16?
-1e
What is 120 (base 5) in base 13?
29
What is -88 (base 15) in base 11?
-107
-122 (base 4) to base 9
-28
What is 3b (base 15) in base 2?
111000
What is -7 (base 9) in base 7?
-10
Convert 3d (base 14) to base 11.
50
What is 29 (base 13) in base 7?
50
24 (base 7) to base 8
22
0 (base 5) to base 4
0
-2 (base 12) to base 4
-2
6 (base 14) to base 10
6
What is 220 (base 8) in base 10?
144
-7 (base 13) to base 3
-21
Convert -10 (base 7) to base 10.
-7
Convert 31 (base 6) to base 5.
34
-14 (base 10) to base 3
-112
Convert 0 (base 16) to base 3.
0
1112 (base 5) to base 8
235
-32 (base 13) to base 8
-51
2 (base 5) to base 8
2
1 (base 11) to base 15
1
What is 3210 (base 4) in base 2?
11100100
0 (base 7) to base 13
0
6 (base 13) to base 15
6
What is -30 (base 6) in base 14?
-14
Convert 93 (base 16) to base 5.
1042
Convert -2 (base 10) to base 16.
-2
-22 (base 12) to base 6
-42
29 (base 10) to base 5
104
What is -111 (base 4) in base 3?
-210
-4 (base 9) to base 7
-4
Convert -1020 (base 3) to base 2.
-100001
Convert 74 (base 10) to base 13.
59
Convert 1212 (base 4) to base 7.
204
What is -102112 (base 3) in base 8?
-467
What is -52 (base 9) in base 7?
-65
What is -20 (base 9) in base 10?
-18
1000011 (base 2) to base 6
151
What is 2a (base 15) in base 14?
2c
What is 2000 (base 3) in base 9?
60
Convert 163 (base 7) to base 16.
5e
Convert 2 (base 11) to base 6.
2
-2 (base 5) to base 16
-2
What is bd (base 16) in base 11?
162
7 (base 12) to base 10
7
Convert -5 (base 8) to base 11.
-5
-142 (base 11) to base 3
-20012
1 (base 16) to base 14
1
Convert 3 (base 4) to base 9.
3
What is -21 (base 3) in base 8?
-7
What is -5 (base 8) in base 2?
-101
What is 2 (base 10) in base 9?
2
What is 1 (base 9) in base 11?
1
1 (base 14) to base 9
1
What is -1d (base 16) in base 13?
-23
What is -111 (base 6) in base 12?
-37
What is -12 (base 12) in base 4?
-32
2101 (base 4) to base 5
1040
Convert 164 (base 10) to base 7.
323
13 (base 6) to base 10
9
What is -110 (base 2) in base 6?
-10
1011000 (base 2) to base 15
5d
Convert 1 (base 6) to base 9.
1
Convert -1111 (base 4) to base 10.
-85
What is 1001 (base 2) in base 4?
21
What is -3 (base 13) in base 11?
-3
What is -13 (base 6) in base 4?
-21
What is -1012 (base 3) in base 2?
-100000
Convert b0 (base 15) to base 12.
119
What is -56 (base 14) in base 3?
-2211
Convert -2 (base 16) to base 2.
-10
What is -2 (base 3) in base 14?
-2
12 (base 15) to base 4
101
Convert -3 (base 6) to base 12.
-3
Convert -4 (base 5) to base 9.
-4
What is -e (base 15) in base 6?
-22
What is -9d (base 14) in base 6?
-351
What is 3 (base 11) in base 15?
3
-10010000 (base 2) to base 13
-b1
What is -145 (base 10) in base 5?
-1040
What is -42 (base 10) in base 13?
-33
What is -15 (base 6) in base 4?
-23
111 (base 3) to base 11
12
-130 (base 12) to base 11
-154
What is 3 (base 11) in base 15?
3
What is -11 (base 2) in base 15?
-3
What is -100 (base 5) in base 16?
-19
Convert 6 (base 11) to base 16.
6
26 (base 16) to base 12
32
2 (base 8) to base 16
2
8 (base 9) to base 15
8
-3b (base 12) to base 10
-47
Convert -13 (base 14) to base 13.
-14
Convert 100 (base 2) to base 7.
4
What is -96 (base 16) in base 2?
-10010110
-1 (base 2) to base 11
-1
Convert 61 (base 9) to base 14.
3d
-6 (base 16) to base 11
-6
What is 1 (base 9) in base 16?
1
Convert -31 (base 5) to base 6.
-24
What is 32 (base 4) in base 16?
e
Convert -8 (base 15) to base 2.
-1000
Convert -111110 (base 2) to base 13.
-4a
Convert 0 (base 16) to base 11.
0
What is -325 (base 6) in base 15?
-85
Convert 5 (base 6) to base 11.
5
What is 42 (base 7) in base 12?
26
2 (base 13) to base 7
2
What is -42 (base 5) in base 2?
-10110
-99 (base 14) to base 15
-90
-23 (base 14) to base 3
-1011
Convert -36 (base 14) to base 12.
-40
-4 (base 14) to base 6
-4
What is 28 (base 13) in base 12?
2a
What is 15 (base 10) in base 2?
1111
-a (base 14) to base 2
-1010
Convert 201 (base 3) to base 14.
15
Convert 0 (base 2) to base 7.
0
What is 11 (base 7) in base 11?
8
What is -55 (base 9) in base 16?
-32
6 (base 7) to base 16
6
Convert 14 (base 11) to base 7.
21
3 (base 6) to base 4
3
What is -22 (base 7) in base 10?
-16
Convert 8b (base 14) to base 15.
83
Convert 72 (base 11) to base 7.
142
What is -5 (base 7) in base 11?
-5
-13 (base 9) to base 14
-c
-6 (base 16) to base 2
-110
3 (base 10) to base 2
11
Convert 1 (base 13) to base 10.
1
What is 191 (base 15) in base 6?
1401
What is -217 (base 9) in base 2?
-10110010
What is 0 (base 11) in base 4?
0
What is -8 (base 15) in base 6?
-12
Convert -6 (base 7) to base 8.
-6
What is -2a (base 14) in base 10?
-38
What is 36 (base 10) in base 9?
40
213 (base 4) to base 3
1110
What is -2 (base 16) in base 14?
-2
3 (base 14) to base 3
10
What is 4 (base 11) in base 5?
4
-2121 (base 3) to base 9
-77
13 (base 13) to base 12
14
101122 (base 3) to base 16
11f
Convert -32 (base 4) to base 2.
-1110
What is -4 (base 11) in base 15?
-4
Convert -4 (base 5) to base 11.
-4
Convert -41 (base 6) to base 11.
-23
Convert 19 (base 12) to base 14.
17
-5 (base 13) to base 10
-5
What is -1342 (base 5) in base 14?
-11c
Convert 2 (base 10) to base 13.
2
What is -110 (base 3) in base 9?
-13
-1 (base 12) to base 13
-1
-122 (base 3) to base 7
-23
Convert -10 (base 2) to base 14.
-2
What is -152 (base 6) in base 16?
-44
What is 1202 (base 4) in base 14?
70
1 (base 2) to base 15
1
What is 7 (base 15) in base 4?
13
Convert -10 (base 6) to base 11.
-6
2a (base 16) to base 4
222
Convert 1001 (base 2) to base 6.
13
10111 (base 2) to base 12
1b
What is -1 (base 15) in base 13?
-1
-20 (base 3) to base 14
-6
2 (base 11) to base 10
2
Convert -334 (base 10) to base 15.
-174
Convert -1 (base 7) to base 4.
-1
Convert 3 (base 8) to base 6.
3
What is -17 (base 14) in base 16?
-15
What is 13 (base 10) in base 16?
d
-44 (base 14) to base 7
-114
What is 3 (base 4) in base 10?
3
What is 2d (base 16) in base 4?
231
-1100001 (base 2) to base 7
-166
-54 (base 7) to base 3
-1110
What is -73 (base 9) in base 13?
-51
What is 16 (base 11) in base 7?
23
What is 10 (base 6) in base 14?
6
Convert -3 (base 12) to base 8.
-3
What is -120 (base 9) in base 10?
-99
Convert 1223 (base 4) to base 15.
72
-232 (base 8) to base 4
-2122
What is 12 (base 4) in base 5?
11
97 (base 14) to base 5
1013
Convert -78 (base 10) to base 13.
-60
What is -220 (base 7) in base 9?
-134
What is -1 (base 3) in base 15?
-1
What is 17 (base 16) in base 12?
1b
Convert 15a (base 14) to base 7.
543
-11 (base 7) to base 13
-8
What is -3 (base 13) in base 14?
-3
-2 (base 13) to base 15
-2
Convert 0 (base 10) to